 the prime factors of t(2).
2, 7
Let p(g) = -g. Let j be 0 + -1 - 4/2. Let o be p(j). Suppose -o*c + 19 = d, -4*d + 115 = d + 5*c. What are the prime factors of d?
5
Let q(u) = -u**3 + u**2 + 1. Let t be q(0). What are the prime factors of t*-2*(-7 - -4)?
2, 3
Let l(a) = 5*a - 10. Let n(g) = -4*g + 11. Suppose -3*s - 2*f + 2 = 0, -9 = -s + 5*f - 4*f. Let q(y) = s*n(y) + 3*l(y). What are the prime factors of q(10)?
2
Let p be (-2)/(-9) + (-32)/(-18). Let t(b) = 21*b + 20. Let k(x) = 325*x + 312. Let a(g) = -5*k(g) + 78*t(g). List the prime factors of a(p).
2, 13
Let w be 1 - (60/(-4))/(-1). Let s = w + 21. List the prime factors of 2*(s + (0 - 2)).
2, 5
Let c(z) = -z**3 - 3*z**2 - 6*z + 3. Let h be c(-3). Let q = h + 0. List the prime factors of q.
3, 7
Suppose -5*j = -883 - 2932. List the prime factors of j.
7, 109
Suppose 12*t - 6*t = 180. What are the prime factors of ((-1)/1 - t)*-1?
31
Let t be (-4)/((-33)/9 - -3). Suppose -2*u = -t*u + 28. What are the prime factors of u?
7
Suppose 0*c - 27 = -c + d, c - 2*d = 22. List the prime factors of (1/(-1))/((c/(-612))/8).
3, 17
Suppose 52*v = -a + 50*v + 1900, -v + 1900 = a. List the prime factors of a.
2, 5, 19
Let c(a) = a**3 - 27*a**2 + 19*a + 43. What are the prime factors of c(28)?
3, 151
List the prime factors of ((-7)/(-7))/(2 - (-9807)/(-4905)).
3, 5, 109
List the prime factors of (-293 + 0)/((-55)/275).
5, 293
Suppose -15*m + 1449 = -6*m. Suppose 5*c - 1657 = -2*l, -2*c + 497 + m = 2*l. What are the prime factors of c?
3, 37
List the prime factors of 286 - (-8 - (2 - 6)).
2, 5, 29
What are the prime factors of (-5364)/(-8) + (-9)/18?
2, 5, 67
Let r be 47/(1/(-4)*-4). Let f = r - 33. Let b = 7 + f. List the prime factors of b.
3, 7
Let j(z) = -149*z - 4. Let r be j(-1). Suppose 4*a - 4*k = 3*a + r, -782 = -5*a + k. What are the prime factors of a?
157
What are the prime factors of 8/4 - (-93)/(9/3)?
3, 11
Suppose -8039 = -4*i - 1087. What are the prime factors of i?
2, 11, 79
Suppose 24*a = 4*a + 29460. List the prime factors of a.
3, 491
List the prime factors of 401 - -12 - 12/(-4).
2, 13
What are the prime factors of (-616)/(-2)*(-572)/(-104)?
2, 7, 11
Suppose -5*w - 316 = -w. Let z = -27 - w. What are the prime factors of 3*(-2 - z/(-6))?
2, 5
Let u = 222 - 109. Let f = u + -235. What are the prime factors of (6 - 5)/((-2)/f)?
61
Let a be (3 + -1)*38/4. Let m = -14 + a. Suppose 0 = -m*u - 4 + 199. What are the prime factors of u?
3, 13
Let l(o) = -1 + 4 + 1 + o + 4. What are the prime factors of l(5)?
13
Let t(a) = -6*a + 4. Let q = -2 - 3. Let o be t(q). Suppose -o = 4*x - 138. What are the prime factors of x?
2, 13
Suppose -l + 8107 = 5*w, 4*l = 53*w - 54*w + 1610. What are the prime factors of w?
2, 811
Let k(b) = 5*b + 5. Let n be k(-5). Suppose 5*m + 3*a - 55 - 88 = 0, -5*a = m - 33. Let c = m + n. What are the prime factors of c?
2
Let k = 2634 + -1229. What are the prime factors of k?
5, 281
Suppose 1439 = u + x, 5*u = 6*x - 9*x + 7193. List the prime factors of u.
2, 719
Suppose -5*i + 3*l = -11840, -8*i - 11835 = -13*i + 2*l. List the prime factors of i.
5, 11, 43
Suppose 167 = 2*w - w - 4*u, 4*w - 4*u = 692. Let l = -46 + w. List the prime factors of l.
3, 43
Suppose 2*t + 0 - 8 = 0. Suppose -72 = -0*z - t*z. Let i = z - 9. What are the prime factors of i?
3
Suppose -v = -2, -2*v - 2*v = -5*w + 292. List the prime factors of ((-264)/(-5))/(18/w).
2, 11
Let h = 5 - 2. Let n be 4/(0 - 8/(-132)). Suppose -h*b - n = -6*b. List the prime factors of b.
2, 11
Suppose 13*h - 6000 = 4816. What are the prime factors of h?
2, 13
Let p(d) = d + 9. Let f be p(-9). Let z be 33 + f + (-2 - 1). What are the prime factors of (1 - 10)*(-110)/z?
3, 11
Suppose -2*y - 49 = -991. List the prime factors of y.
3, 157
Suppose 20 - 6 = 7*p. List the prime factors of -2 - (-113)/1 - 2*p.
107
Let x be (-6)/(-2)*(-6)/(-9). Suppose 178 = 2*t - 0*l + l, 168 = x*t - 4*l. List the prime factors of t.
2, 11
Let d(j) be the first derivative of 2*j**3/3 + 3*j**2/2 - 3*j + 8. Let g be d(5). Let k = g - 31. What are the prime factors of k?
31
Let s(g) = -3 + g - 1 + 13 + 0. List the prime factors of s(-6).
3
Suppose 21*p - 45296 + 14258 = 0. What are the prime factors of p?
2, 739
Let u be -3*(-1)/(-3)*1. Let t(s) = -187*s - 4. List the prime factors of t(u).
3, 61
Suppose 3*x - 2 = -l - 0*x, -l + 4*x - 5 = 0. What are the prime factors of 59 - 1 - (0 - l)*-1?
59
What are the prime factors of (1754/8)/(19/76)?
877
Let f = -117 - -292. Let v = f - 35. What are the prime factors of v?
2, 5, 7
Suppose 13*o - 44 = 11*o. Suppose -17*k + o*k - 1070 = 0. What are the prime factors of k?
2, 107
Suppose -3*b - 10 = -4*p, b = 5*p + 3*b - 24. Suppose -3*w + 15 = 0, w = -n - p*w + 173. What are the prime factors of n?
2, 37
Suppose -6 = -2*l + 4. Let g(b) = b + 2 - l + 1 + 4. What are the prime factors of g(11)?
13
Let x = 1069 - 630. List the prime factors of x.
439
Suppose 20*f - 9*f = 4378. List the prime factors of f.
2, 199
Suppose -4*r + 1291 = -5*y, -2*r = 2*y + y - 673. List the prime factors of r.
7, 47
Let f(x) = 3*x - 7. Let j(g) = -2*g + 3. Let z(b) = -6*f(b) - 13*j(b). List the prime factors of z(13).
107
Let m(b) = 6*b**2 - 3*b. Let y be m(1). Suppose -458 = 3*q - 7*q + 2*c, -y*q + 356 = -4*c. What are the prime factors of q?
2, 7
Let q = 207 - 26. Suppose 0 = -9*h + q + 449. What are the prime factors of h?
2, 5, 7
Suppose 11*f = -0*f + 55. Suppose -3*v - 3*h + 408 = 0, 0 = -f*v - 3*h - 197 + 873. What are the prime factors of v?
2, 67
Let d(l) = 5*l**2 - l - 5. Let z = 5 - -1. What are the prime factors of d(z)?
13
Suppose 87*u - 88*u + 310 = 0. List the prime factors of u.
2, 5, 31
Let k(v) = 2*v + 19. Let o be k(-6). Suppose -o*l = 8*l - 1545. What are the prime factors of l?
103
Let p(h) = -300*h + 656. What are the prime factors of p(-13)?
2, 17, 67
Suppose 336 - 2748 = -6*h. What are the prime factors of h?
2, 3, 67
Let k(n) = -n**3 + 9*n**2 - 3*n - 13. Let i be k(9). Let z be (-16)/i - (-34)/(-10). List the prime factors of (8/3)/(z/(-36)).
2
Let b = 20 + -24. What are the prime factors of 2 - (b + 3) - -8?
11
Let k = -489 + 1013. List the prime factors of k.
2, 131
Suppose l - 10 = -l. Suppose 5*v - l*d = -10, 2*v + 5*d + 25 = -0*v. Let p(r) = -r**3 - 4*r**2 - 7*r + 1. List the prime factors of p(v).
61
Let t(z) = z**2 - z - 4. Let d be t(4). Suppose 3*v - d = v. Let o = v - -27. List the prime factors of o.
31
Suppose -21*m + 345 = -16*m. Suppose 4*j = -2*v + 88, m - 24 = v + 3*j. What are the prime factors of v?
2, 3, 7
Let u be (-21)/(-3)*(-48)/(-56). Suppose 5*j - u*j = 3. Let d = 23 + j. What are the prime factors of d?
2, 5
Let q be (4/(-6))/(1/(-3)). Suppose -5 = 4*j - 9*j, 5*j + 3 = 2*y. Suppose -y*s + 3*b = -2*s - 38, 3*b = -q*s + 26. What are the prime factors of s?
2
Suppose 2*k + 63 = -147. Let n = k + 161. Suppose 4*i = 4*j - j - n, -3*i + 63 = 3*j. What are the prime factors of j?
2, 5
Suppose -35*x + 25584 = -9*x. List the prime factors of x.
2, 3, 41
Let b(r) = -r**3 + 4*r**2 + 13*r - 1. Let o be b(6). Suppose o*w + 5*g - 3 = 282, w - g - 49 = 0. List the prime factors of w.
53
Suppose 11 + 1 = -4*i. Suppose 0 = -5*p + 3*o + 17 + 51, 0 = -2*p - 4*o + 48. Let k = i + p. List the prime factors of k.
13
Suppose -g + 20 = -6*g, 0 = -4*a + g - 20. Let o be -4*((-3)/a + 0). What are the prime factors of 38 - (-2 + 5 + o)?
37
Let v(t) = -4*t**2 - t + 0*t**2 - 2 + 0*t**2 - 21*t**3 + 20*t**3. Let b(s) = -s. Let u be b(4). List the prime factors of v(u).
2
Let y(i) = 4*i**2 - 2*i - 1. Let b be y(-2). Suppose 2*p = l + b, 2*p + 2*p + 2*l = 42. Suppose p = x + 3. What are the prime factors of x?
7
Let a = 318 + -254. List the prime factors of a.
2
Let j(y) = 115*y + 203. What are the prime factors of j(24)?
2963
Let a(i) = 47*i + 75. List the prime factors of a(2).
13
Suppose -4*g = -4*y + 8, 0 - 2 = y + g. Suppose 1386 = 5*z - y*r + r, -r = 4*z - 1108. List the prime factors of z.
2, 139
Let n(c) = -c**2 + 6*c + 15. Let u be n(7). List the prime factors of (-4*(-5)/u)/((-2)/(-60)).
3, 5
What are the prime factors of (36 + (-14)/2)*26?
2, 13, 29
Suppose a = -a + 8. Suppose 3*m - 5*m + 3*x + 169 = 0, -2*m + 166 = -a*x. What are the prime factors of m?
89
Let g be (3 + -2)/1*48*4. Suppose -3*u 